). Suppose 2*z - 2*n = 44, -z + 2*n = -q - 17. What is the units digit of z?
7
Suppose -4*y - 25 = y, -200 = 5*q + 5*y. Let o = -24 - q. What is the units digit of o?
1
Suppose 4*m - 226 = p, 3*m - 179 = -0*m - 4*p. What is the tens digit of m?
5
Let b be (1 - (-39 - -2))/1. What is the units digit of b/4 - (-2)/(-4)?
9
Let w = -28 - -46. What is the units digit of w?
8
Suppose 0*c - 14 = -f + 4*c, -3*f = 2*c. Suppose f*g + 618 = -g. What is the units digit of (-2)/(-7) - g/14?
5
Let q = -15 + 14. What is the tens digit of 22 + (-6)/3 - q?
2
Let q be 8/(-28) - (-65)/7. Let n = q + -2. Suppose -3*w - 5*o + n = 0, -3*w + o = -40 + 9. What is the units digit of w?
9
Suppose 4*l - 225 - 563 = 0. What is the tens digit of l?
9
Let o = -67 + 161. What is the tens digit of o?
9
Suppose 2*w = 15*w - 1274. What is the tens digit of w?
9
Let q be 2/(-3) - (-2508)/9. What is the units digit of q/8 + 21/(-28)?
4
Suppose -5*l + 2*l + 105 = 0. Suppose 0 = 3*k - l - 7. What is the tens digit of k?
1
Let i be (-2 - -6)/((-4)/(-2)). Let w be 0*(i + (-6)/4). Let h = 2 + w. What is the units digit of h?
2
Let c(k) = -32*k. What is the units digit of c(-3)?
6
Let w = -17 - -2. What is the units digit of w/(-3) + 1 + 1?
7
Let n be 8/(-20) + 24/10. Suppose 3*i - 2*i - 33 = -5*m, i = -n*m + 21. What is the tens digit of i?
1
Let y(t) = 10*t**3 - t**2 + 2*t - 1. Let p be y(-2). Let i = -44 - p. Suppose -w - i = -6*w. What is the units digit of w?
9
Let m(a) = -a**3 - 6*a**2 - 5*a + 4. Let v = -10 - -5. Let r be m(v). Suppose -c - x - x = -8, -2*c + 24 = -r*x. What is the units digit of c?
0
Let p be 0/((-4)/(6/(-3))). Let z = p + 2. Suppose -s = -r - 2*s + 4, z*r + 3*s - 6 = 0. What is the units digit of r?
6
What is the hundreds digit of 3 + -4 + (2 + 1)*39?
1
Suppose 13 = 2*u + 1. Suppose 2*o - 42 = -2*n + u*n, 0 = 3*o - n - 78. What is the units digit of o?
7
Let q(g) = g**2 - 11*g + 12. Let d be q(10). Let o be (d/(-4))/(4/(-40)). Let v = 8 - o. What is the units digit of v?
3
Suppose -4*q + 10 = -2. What is the units digit of q?
3
Let h(c) = -2*c**2 - 32*c - 8. What is the hundreds digit of h(-6)?
1
Suppose 0 = 3*k - 8*k + 40. What is the units digit of k?
8
Suppose 7*s - 2*s - 140 = 0. What is the units digit of s?
8
Let o(l) = -7*l + 6. Let j be o(4). Let h = j - -43. Let d = -1 + h. What is the tens digit of d?
2
Suppose -5*m + 15 = -5. Suppose -1 = -m*v + 3. What is the units digit of v?
1
Suppose 15*u - 10*u = 250. What is the units digit of u + -2 + (-6)/(-3)?
0
Suppose 0 = -4*q - 49 + 281. Suppose -3*x - 4*r + q = -5*r, -110 = -5*x + 5*r. What is the units digit of x?
8
Let g(y) = y**3 + y**2 + y - 1. Let n be g(1). Suppose -8 = -0*h - n*h. Suppose h*i = -i + 10. What is the units digit of i?
2
Let h = 19 - 11. Let r = 18 - h. What is the tens digit of r?
1
Let t be (-1)/(-2) - 28/(-8). Let n = 16 - t. What is the tens digit of n?
1
Let o(r) = 7*r - 8. What is the tens digit of o(8)?
4
Let i(q) = q**2 - 5*q - 4. Let u be i(6). Let j be (u/2)/((-2)/6). What is the units digit of (-20)/j + (-1)/(-3)?
7
What is the units digit of (15/(-30))/((-2)/324)?
1
Suppose -4*w + 64 = 4*s, w + 58 = 4*s - 26. Let y be (-32)/s*5/(-2). Let b(f) = -f**3 + 3*f**2 + 6*f - 4. What is the units digit of b(y)?
4
Let m(j) = -j**2 + 7*j + 7. What is the units digit of m(7)?
7
Let j(l) = l**2 + 7*l - 1. What is the hundreds digit of j(9)?
1
Suppose -2*u + 0*u = -3*z - 45, u + 2*z - 5 = 0. Suppose -u = -4*x + 13. What is the units digit of x?
7
Let p(x) = x**3 + x - 2. Let c be p(2). Let l be (-246)/(-10) + c/20. What is the units digit of ((-30)/l)/(3/(-10))?
4
Let m(y) = -3*y - 2*y - 6 - y**2 + 9*y. Let a(s) = s**2 - 3*s + 5. Let w(x) = -2*a(x) - 3*m(x). What is the units digit of w(6)?
8
Suppose -2*a + 2 - 12 = 0, -131 = -2*y + a. What is the tens digit of y?
6
Suppose 0 = l + 3*h - 30, h + 93 = 4*l + 4*h. What is the tens digit of l?
2
Let u be (-25)/3 - 4/6. Let k(v) = -v**2 - 3*v - 3 - 8*v - 7. What is the units digit of k(u)?
8
Let h be ((-18)/(-27))/((-2)/6). What is the units digit of (h + 1)*2 - -34?
2
What is the units digit of (-75)/(5/10*-3)?
0
Suppose -10*o + 5 = -5*o. What is the units digit of o?
1
Let m = 20 - 15. Suppose -5*n + 5 = 5*h, 4*n - 35 = -5*h + m*n. What is the units digit of h?
6
Let x = 4 - 5. Let d = 8 + x. What is the units digit of d?
7
Let m be (-1)/(0 + (-1)/(-5)). Let k(w) = w**2 + 4*w - 1. What is the units digit of k(m)?
4
Let j = 27 + -7. What is the tens digit of j?
2
Let s(t) = t**3 - 11*t**2 + 13*t - 14. Let m = 12 - 2. What is the units digit of s(m)?
6
Let c be (-9)/(-3) - (21 + -1). Let t = c - -56. What is the units digit of t?
9
Let q(a) be the third derivative of a**5/30 + 5*a**4/24 + 6*a**2. What is the units digit of q(-5)?
5
Let p be (42/(-35))/(2/20). Let v(r) be the third derivative of r**6/120 + 11*r**5/60 - r**4/2 + 2*r**3 - 2*r**2. What is the tens digit of v(p)?
1
Let u(d) = 2*d**2 - d. What is the tens digit of u(-4)?
3
Let q(z) = z**3 - 2*z**2 + 1. Suppose 2*a - 2*h - 3*h - 3 = 0, 0 = 5*a - 5*h. Let o be q(a). What is the units digit of (2 + -1)/(o/(-10))?
5
Let z be (-4)/(-16) - 25/4. Let f = z - -29. Suppose -4*o = -5 - f. What is the units digit of o?
7
Let a = -31 - -50. What is the tens digit of a?
1
Let y be (-4 - (-4 - -2)) + 14. Suppose x = 4*u + 16, -y = 2*u + u - x. What is the units digit of 33/7 + u/(-14)?
5
Suppose -35 = -2*x + 3. Let c = -4 + -6. Let v = c + x. What is the units digit of v?
9
Suppose -2*x = 3*x. Let o be (x - 1)*(-44)/2. What is the units digit of 26/o - (-4)/(-22)?
1
Let p(u) = -1 + 2*u + 2 + u**2 + 0. Let n be p(-2). What is the units digit of -1*(n - 7 - -1)?
5
Let c = -266 + 394. Suppose 0 = 4*a + 3*w - 100, a - c = -3*a + 4*w. What is the units digit of a?
8
Let u = 120 - -6. Let m be 8/52 + u/26. Suppose 5*s - 5*w = 25, 3*s = -m*w + 33 - 2. What is the units digit of s?
7
What is the units digit of (26/39)/((-2)/(-12))?
4
Suppose 3 + 12 = 3*q. Suppose -5*d - j = -3*d - 10, -3*d + q*j + 15 = 0. Let g(k) = k**2 - 3*k + 4. What is the units digit of g(d)?
4
Suppose 4*w + 4 = 2*w - 5*k, -5*w + 2*k = -19. Suppose w*l = -2*l + 200. What is the units digit of l?
0
Let r(p) = -p**3 + 8*p**2 - 5*p + 8. What is the tens digit of r(7)?
2
Let b(s) = 35*s**2 - 6*s + 4. What is the hundreds digit of b(2)?
1
Let q(d) = -6*d - 3. What is the tens digit of q(-3)?
1
What is the units digit of (-6)/(-21) + 897/21?
3
Let b = -2 - -3. Let d(h) = -3*h + 1. Let p be d(b). What is the units digit of p + 2 + 36/3?
2
Suppose -66 = -b + 113. What is the tens digit of b?
7
Let q(f) = 5*f**2 - f + 1. Let s be q(1). Let x(m) = m**2 - 5*m + 1. Let d be x(s). What is the tens digit of 120/9 - d/3?
1
Let n = -15 - -15. Suppose n = -0*p + 2*p - 54. What is the units digit of p?
7
Let b(j) = 4*j**2 + 9*j - 23. What is the units digit of b(-9)?
0
Suppose 0 = 3*y - c + 2*c - 8, -5*c = 5*y - 10. What is the units digit of y?
3
What is the tens digit of (-3)/(3 + (-136)/44)?
3
Let l = 198 - 76. What is the units digit of l?
2
Suppose 5*j + 27 = 3*q, 9 = -2*j + q + 2*q. Let c = j + 26. What is the tens digit of c?
2
Let c(k) = k**3 - 10*k**2 + 11*k - 11. Let z(b) = -8*b**3 - 2*b**2 - b. Let d be z(-1). Suppose -3*j = -20 - d. What is the units digit of c(j)?
7
Suppose 5*k = -3 - 17. Let p = 1 - k. Suppose -3*o - 17 = 3*a - 44, -p*o - 27 = -4*a. What is the units digit of a?
8
Let x(v) = -v**3 + 6*v**2 - 4*v - 2. Let g be x(5). Suppose -g*z - 30 = -6*z. What is the tens digit of z?
1
Let n be (-2)/6 - 78/(-18). Let f = -5 + n. Let m = f + 5. What is the units digit of m?
4
Let x = 77 + -37. Let h(m) = 3*m. Let r be h(1). Suppose u - 17 = -3*i, -r*i + 8*i = -4*u + x. What is the units digit of u?
5
Suppose t = 2*u + u + 2, 4*u = -2*t + 14. Suppose 0 = -t*z + 171 - 16. What is the units digit of z?
1
Let s(c) = 8*c**2 - 2*c - 2. Let o be s(3). Let a = o - 41. What is the tens digit of a?
2
Let n(t) = -t**3 + 3 + 11 - 4. What is the tens digit of n(0)?
1
Suppose 0 = m - 0 - 14. What is the units digit of m?
4
Suppose 4*p + 0*p = 2*a - 4, 3*a - 5*p - 3 = 0. What is the tens digit of (-315)/(-14) + 2/a?
2
Let x(r) = r**2 - 6*r - 1. Let h(i) = 2*i**3 - i**2 - 2*i. Let u be h(2). What is the tens digit of x(u)?
1
Let l(v) = -v + 